{"id":3258,"date":"2024-07-16T12:52:06","date_gmt":"2024-07-16T12:52:06","guid":{"rendered":"https:\/\/fatshan.com.br\/?page_id=3258"},"modified":"2024-09-03T17:59:13","modified_gmt":"2024-09-03T17:59:13","slug":"apresentacao-da-f-t-i","status":"publish","type":"page","link":"https:\/\/fatshan.com.br\/?page_id=3258","title":{"rendered":"Apresenta\u00e7\u00e3o da F.T.I"},"content":{"rendered":"\n<p>A&nbsp;<strong>FATSHAN TERAPIAS INTEGRTIVAS \u2013 FTI<\/strong>, \u00e9 uma entidade de sem fins lucrativos, fundada em <strong><em>23\/05\/1986<\/em><\/strong>, por Shifu Mendes com sede e foro na cidade de S\u00e3o Paulo. <\/p>\n\n\n\n<p>Nosso compromisso est\u00e1 pautado em trabalhar a sa\u00fade f\u00edsica e mental atrav\u00e9s do uso de Terapias Hol\u00edsticas que por sua vez oferecem um caminho para o autoconhecimento e melhoria do ser humano, trazendo assim cura e equil\u00edbrio integral \u00e0 todos os praticantes. <\/p>\n\n\n\n<p>Na F.T.I, acreditamos que essas pr\u00e1ticas s\u00e3o essenciais para que pessoas, equipes e institui\u00e7\u00f5es alcancem seu m\u00e1ximo potencial e vivam uma vida mais plena e significativa, tornando-se seres humanos desenvolvidos e capacitados para o sucesso em sua jornada.<\/p>\n","protected":false},"excerpt":{"rendered":"<p>A&nbsp;FATSHAN TERAPIAS INTEGRTIVAS \u2013 FTI, \u00e9 uma entidade de sem fins lucrativos, fundada em 23\/05\/1986, por Shifu Mendes com sede e foro na cidade de S\u00e3o Paulo. Nosso compromisso est\u00e1 pautado em trabalhar a sa\u00fade f\u00edsica e mental atrav\u00e9s do &hellip; <a href=\"https:\/\/fatshan.com.br\/?page_id=3258\">Continue lendo <span class=\"meta-nav\">&rarr;<\/span><\/a><\/p>\n","protected":false},"author":4,"featured_media":0,"parent":54,"menu_order":0,"comment_status":"closed","ping_status":"closed","template":"","meta":{"_eb_attr":"","footnotes":""},"class_list":["post-3258","page","type-page","status-publish","hentry"],"_links":{"self":[{"href":"https:\/\/fatshan.com.br\/index.php?rest_route=\/wp\/v2\/pages\/3258","targetHints":{"allow":["GET"]}}],"collection":[{"href":"https:\/\/fatshan.com.br\/index.php?rest_route=\/wp\/v2\/pages"}],"about":[{"href":"https:\/\/fatshan.com.br\/index.php?rest_route=\/wp\/v2\/types\/page"}],"author":[{"embeddable":true,"href":"https:\/\/fatshan.com.br\/index.php?rest_route=\/wp\/v2\/users\/4"}],"replies":[{"embeddable":true,"href":"https:\/\/fatshan.com.br\/index.php?rest_route=%2Fwp%2Fv2%2Fcomments&post=3258"}],"version-history":[{"count":4,"href":"https:\/\/fatshan.com.br\/index.php?rest_route=\/wp\/v2\/pages\/3258\/revisions"}],"predecessor-version":[{"id":3655,"href":"https:\/\/fatshan.com.br\/index.php?rest_route=\/wp\/v2\/pages\/3258\/revisions\/3655"}],"up":[{"embeddable":true,"href":"https:\/\/fatshan.com.br\/index.php?rest_route=\/wp\/v2\/pages\/54"}],"wp:attachment":[{"href":"https:\/\/fatshan.com.br\/index.php?rest_route=%2Fwp%2Fv2%2Fmedia&parent=3258"}],"curies":[{"name":"wp","href":"https:\/\/api.w.org\/{rel}","templated":true}]}}