{"id":3260,"date":"2024-07-16T12:52:26","date_gmt":"2024-07-16T12:52:26","guid":{"rendered":"https:\/\/fatshan.com.br\/?page_id=3260"},"modified":"2024-09-03T18:06:14","modified_gmt":"2024-09-03T18:06:14","slug":"terapias","status":"publish","type":"page","link":"https:\/\/fatshan.com.br\/?page_id=3260","title":{"rendered":"Terapias"},"content":{"rendered":"\n<p>Dentro de nosso atendimento, oferecemos um atendimento integrado com uma equipe de profissionais qualificados em diversas \u00e1reas terap\u00eauticas, como acupuntura, psicoterapia, fisioterapia, nutri\u00e7\u00e3o, yoga, entre outras. Sempre focados no bem-estar completo, cuidando tanto da mente quanto do corpo.<\/p>\n","protected":false},"excerpt":{"rendered":"<p>Dentro de nosso atendimento, oferecemos um atendimento integrado com uma equipe de profissionais qualificados em diversas \u00e1reas terap\u00eauticas, como acupuntura, psicoterapia, fisioterapia, nutri\u00e7\u00e3o, yoga, entre outras. Sempre focados no bem-estar completo, cuidando tanto da mente quanto do corpo.<\/p>\n","protected":false},"author":4,"featured_media":0,"parent":54,"menu_order":3,"comment_status":"closed","ping_status":"closed","template":"","meta":{"_eb_attr":"","footnotes":""},"class_list":["post-3260","page","type-page","status-publish","hentry"],"_links":{"self":[{"href":"https:\/\/fatshan.com.br\/index.php?rest_route=\/wp\/v2\/pages\/3260","targetHints":{"allow":["GET"]}}],"collection":[{"href":"https:\/\/fatshan.com.br\/index.php?rest_route=\/wp\/v2\/pages"}],"about":[{"href":"https:\/\/fatshan.com.br\/index.php?rest_route=\/wp\/v2\/types\/page"}],"author":[{"embeddable":true,"href":"https:\/\/fatshan.com.br\/index.php?rest_route=\/wp\/v2\/users\/4"}],"replies":[{"embeddable":true,"href":"https:\/\/fatshan.com.br\/index.php?rest_route=%2Fwp%2Fv2%2Fcomments&post=3260"}],"version-history":[{"count":3,"href":"https:\/\/fatshan.com.br\/index.php?rest_route=\/wp\/v2\/pages\/3260\/revisions"}],"predecessor-version":[{"id":3657,"href":"https:\/\/fatshan.com.br\/index.php?rest_route=\/wp\/v2\/pages\/3260\/revisions\/3657"}],"up":[{"embeddable":true,"href":"https:\/\/fatshan.com.br\/index.php?rest_route=\/wp\/v2\/pages\/54"}],"wp:attachment":[{"href":"https:\/\/fatshan.com.br\/index.php?rest_route=%2Fwp%2Fv2%2Fmedia&parent=3260"}],"curies":[{"name":"wp","href":"https:\/\/api.w.org\/{rel}","templated":true}]}}