{"id":39,"date":"2012-09-06T14:37:32","date_gmt":"2012-09-06T14:37:32","guid":{"rendered":"http:\/\/www.fatshan.com.br\/teste\/?page_id=39"},"modified":"2024-07-24T18:36:29","modified_gmt":"2024-07-24T18:36:29","slug":"world-cka","status":"publish","type":"page","link":"https:\/\/fatshan.com.br\/?page_id=39","title":{"rendered":"Fundador"},"content":{"rendered":"\n<p><\/p>\n\n\n<div class=\"wp-block-image\">\n<figure class=\"aligncenter\"><a href=\"https:\/\/fatshan.com.br\/wp-content\/uploads\/2013\/03\/mestre.jpg\"><img loading=\"lazy\" decoding=\"async\" width=\"185\" height=\"215\" src=\"https:\/\/fatshan.com.br\/wp-content\/uploads\/2013\/03\/mestre.jpg\" alt=\"mestre\" class=\"wp-image-365\"\/><\/a><\/figure>\n<\/div>\n\n\n<p class=\"has-text-align-center\"><strong>Adailto Mendes de Paula<\/strong><\/p>\n\n\n\n<p class=\"has-text-align-center\"><em>Shifu Mendes, nasceu em 23\/05\/1965, brasileiro, natural do Rezende &#8211; RJ.<\/em><\/p>\n\n\n\n<p class=\"has-text-align-left\"><strong>FORMA\u00c7\u00c3O:<\/strong><br>&#8211; Superior Completo (Educador F\u00edsico), registrado no CONFEF (Conselho Federal de Educa\u00e7\u00e3o F\u00edsica), sob n\u00b0 6.011.<br>&#8211; Cinta Preta 7\u00b0 Duen -Mestre S\u00eanior.<br>&#8211; Terapeuta Hol\u00edstico<\/p>\n\n\n\n<p><strong>HIST\u00d3RICO:<\/strong><br>Fundador, Presidente e Respons\u00e1vel T\u00e9cnico pela <strong>ASSOCIA\u00c7\u00c3O FATSHAN DE KUOSHU &#8211; A.F.K.<\/strong>, sendo praticante de artes marciais desde 1976.<br>&#8211; Iniciou sua carreira com Jud\u00f4; Karat\u00ea (Shotokan) e Tae Kwon\u00a0Do em Volta Redonda e Resende (RJ). Come\u00e7ou na pr\u00e1tica do Kung Fu em maio de 1979, se tornando disc\u00edpulo da 1\u00aa Gera\u00e7\u00e3o do falecido <strong>SIFU LIU (LO) SIU SHUN <\/strong>(1930 &#8211; 1988) de Nanjing (China), com quem praticou no Rio de Janeiro os estilos CHOY LI FUT, HUNG GAR, WING CHUN e diversas outras linhas de Kung Fu, obtendo forma\u00e7\u00e3o em CHOY LI FUT e WING CHUN, sendo ainda nomeado Mestre de SANDA. <br>&#8211; Antes de fixar resid\u00eancia em S\u00e3o Paulo fazia constantes viagens para praticar Kung Fu na extinta <strong>Uni\u00e3o Nacional de Kung Fu<\/strong> (Vila Mariana &#8211; Capital), onde treinou com renomados professores, entre eles Francisco Jos\u00e9 d&#8217;Urbano e Em\u00edlio da linhagem de Marco Natali, estagiando em Wing Chun.<br>&#8211; Em 1986 come\u00e7ou a praticar PRAYING MANTIS (TONG LONG) sob a tutela do Gr\u00e3o <strong>Mestre GIN FOON MARK<\/strong>, l\u00edder mundial da<strong> KWOONG SAI JOOK LUM\u00a0 PRAYING MANTIS &#8211; USA<\/strong>, obtendo forma\u00e7\u00e3o no estilo.<br>&#8211; Praticou os estilos HOP GAR, TAl CHI CH&#8217;UAN, HSING-I e PA KUA, por muito tempo com <strong>J\u00daLIA YUEH LIANG <\/strong> quando esta morava em Jundia\u00ed-SP.<br>&#8211; \u00c9 profundo conhecedor de diversos estilos de Kung Fu (HUNG GAR, WING CHUN, TONG LONG, TAl CHI CH&#8217;UAN, PAKUA, HSING-I, SHUAI CHIAO, PA CHI, TAM TUI, HOP GAR, ARMAS CHINESAS, etc.).<br>&#8211; Come\u00e7ou a lecionar por volta de 1986, ministrando aulas gratuitamente em parques como Ibirapuera e aclima\u00e7\u00e3o para pequenos grupos de alunos, sempre aos domingos. Entre abril de 1994 e agosto de 1996, ministrou aulas como professor volunt\u00e1rio em clubes municipais.<br>Participou em mais de 200 (duzentas) lutas estilo Wing Chun, entre 1985 e 1997, em sua maioria contra praticantes de outras modalidades, sem sofrer nenhuma derrota.<br>&#8211; Campe\u00e3o Mundial de Kung Fu (Formas e Combate) em 1988 em Buenos Aires &#8211; ARG, de 1988 at\u00e9 1999 participou de competi\u00e7\u00f5es de artes marciais em diversos pa\u00edses, entre eles; Argentina, Chile, Uruguai, Venezuela, Estados Unidos, Holanda etc. Atualmente leciona Kung Fu e atua como t\u00e9cnico de sua equipe, formando v\u00e1rios campe\u00f5es, sendo ainda amante da cultura oriental em geral, principalmente da parte mental e filos\u00f3fica, estuda CH&#8217; AN, MEDICINA TRADICIONAL CHINESA E PINTURA CHINESA. <br>&#8211; Formado em Acupuntura, tendo entre seus mestres o <strong>DR. LIU CHUNG HSING<\/strong>, que \u00e9 formado pela escola de Medicina de Acupuntura Geral de Taiwan e foi m\u00e9dico titular na especialidade Acupuntura do Hospital Geral da Marinha de Taiwan.<br>&#8211; Nomeado em prestigiosa cerim\u00f4nia na sede da <strong>FEDERA\u00c7\u00c3O MUNDIAL DE KUNG FU<\/strong> <strong>(WU SHU)<\/strong> <strong>&#8211; WORLD CKA<\/strong> em Perugia &#8211; It\u00e1lia, sendo parceiro e representante da entidade no Brasil da referida entidade, al\u00e9m de receber diretamente das m\u00e3os de seu Presidente, o renomado <strong>Maestro (Mestre) GIULIANO FULVI<\/strong>, disc\u00edpulo do <strong>Gr\u00e3o-Mestre CHANG DSU YAO<\/strong>, os t\u00edtulos de <strong>Mestre N\u00edvel Internacional<\/strong>, de Irm\u00e3o em Kung Fu, al\u00e9m do convite para fazer parte da fam\u00edlia Kung Fu do Gr\u00e3o-Mestre CHANG DSU YAO.<br>&#8211; Manteve interc\u00e2mbio durante a temporada em que esteve na Europa (Dezembro\/2005 e Janeiro\/2006) com v\u00e1rios peritos de diversos estilos de Kung Fu (HUNG GAR, CHOY LI FUT, PA KUA, WU DANG, JEET KUNE DO), MUAY THAI, AIKIDO, PENT JAK SILAT, SAMBO, VIET VO DAO, HWA RANG DO, ARNIS, KALI, ESCRIMA etc.<br>&#8211; Em maio de 2006, seu aluno ARTHUR HERBST DE OLIVEIRA, sagrou-se Campe\u00e3o Mundial de Tai Chi Ch&#8217;uan (<a href=\"http:\/\/www.worldcka.org\/classifiche\/classifiche.asp?ricerca=twkfc\">www.worldcka.org<\/a>), durante o 14\u00ba Campeonato Mundial de Kung Fu (Wu Shu) em Perugia \/ It\u00e1lia, tendo Sifu Mendes como t\u00e9cnico da Sele\u00e7\u00e3o Brasileira de Kung Fu.<br>&#8211; Entre 20\/05\/2007 \u00e1 30\/05\/2007 esteve novamente na Europa para realizar interc\u00e2mbio com renomado Maestro (Mestre) em Armas Medievais Albano Torasso e chefiando novamente a Sele\u00e7\u00e3o Brasileira de Kung Fu, como Diretor T\u00e9cnico e Mestre Representante da Word CKA para o Brasil no 15\u00ba Campeonato Mundial de Kung Fu em Perugia \/ It\u00e1lia.<\/p>\n\n\n\n<p><strong>HOMENAGENS:<\/strong><br>&#8211; Recebeu em 04\/05\/2007, congratula\u00e7\u00f5es de admira\u00e7\u00e3o e apre\u00e7o do Sr. Presidente da Rep\u00fablica Federativa do Brasil, Sr. LUIZ IN\u00c1CIO LULA DA SILVA, atrav\u00e9s de documento oficial encaminhado, que encontra-se na Diretoria de Documenta\u00e7\u00e3o Hist\u00f3rica da Presid\u00eancia.<br>&#8211; Como Mestre N\u00edvel Internacional e Medalha de Ouro pelo Desenvolvimento do Kung Fu e Representante Oficial (exclusivo) para o Brasil pelo renomado Maestro (Mestre) GIULIANO FULVI, PRESIDENTE da WORLD CKA sigla da FEDERA\u00c7\u00c3O MUNDIAL DE KUNG FU (WU SHU) &#8211; PERUGIA &#8211; IT\u00c1LIA &#8211; Janeiro2006.<br>&#8211; Recebeu em 16\/02\/2005, congratula\u00e7\u00f5es de admira\u00e7\u00e3o e apre\u00e7o do Sr. AIDYL ALVES TEIXEIRA &#8211; Presidente do Circulo Militar de S\u00e3o Paulo, atrav\u00e9s do of\u00edcio 013\/05 &#8211; DIRPRES.<br>&#8211; Homenageado pelo Vereador Ant\u00f4nio Carlos Rodrigues na C\u00e2mara Municipal de S\u00e3o Paulo em 03\/12\/2001, como profissional de Artes Marciais (KUNG FU).<br>&#8211; Homenageado pela Vereadora S\u00f4nia Rainho (PT) na C\u00e2mara dos Vereadores de Osasco &#8211; SP em 28\/11\/1998 como profissional de Artes Marciais (KUNG FU).<\/p>\n\n\n\n<p><strong>CAMPEONATOS<\/strong>:<br>&#8211; 3\u00b0 Lugar entre os Mestres (Top 10) <strong>14\u00b0 Campeonato Mundial de KUNG FU (WU SHU)<\/strong> &#8211; 11, 12, 13, e 14\/05\/2006 \/ Perugia \/ It\u00e1lia.<br>&#8211; T\u00e9cnico Campe\u00e3o Mundial &#8211; <strong>14\u00b0 Campeonato Mundial de KUNG FU (WU SHU)<\/strong> -11, 12, 13, e 14\/05\/2006 \/ Perugia \/ It\u00e1lia.<br>&#8211; T\u00e9cnico Campe\u00e3o Sul Americano &#8211; <strong>9\u00b0 Campeonato Sul Americano &#8211; OPEN DE ARTES MARCIAIS<\/strong> &#8211; Sta. Isabel\/ SP &#8211; 12, 13, e 14\/08\/2005.<br>&#8211; 1\u00b0 Lugar no <strong>EVENTO POR TR\u00c1S DAS MURALHAS DA CHINA<\/strong> &#8211; \u00a0SESC\u00a0 Itaquera &#8211; 22\/05\/2005.<br>&#8211; Vice &#8211; Campe\u00e3o Internacional pela Sele\u00e7\u00e3o Brasileira de Kung FU da <strong>O.I.A.M.C.<\/strong> na <strong>IX Copa Ciudad de Quilmes (Buenos Aires &#8211; ARG)<\/strong> &#8211; 18\/04\/1999.<br>&#8211; Campe\u00e3o Sul-Americano de Kung Fu &#8211; 1998 &#8211; <strong>II Campeonato Sul-Americano de Artes Marciais Aberto da O.I.A.M.C.<\/strong><br>&#8211; IV Campeonato Brasileiro de Kung Fu &#8211; <strong>CBKF<\/strong> &#8211; Itapecerica da Serra &#8211; Mai\/1998 \/ 3\u00b0 Lugar como Instrutor n\u00e3o filiado \/ \u00a02\u00b0 Lugar por Equipe n\u00e3o filiada.<br>&#8211; III Campeonato Paulista de Kung Fu &#8211; <strong>CBKF<\/strong> &#8211; Santa Isabel &#8211; Fev\/1998 (Demonstra\u00e7\u00f5es).<br>&#8211; I Festival Periquito de Artes Marciais e Lutas de Contato S. E. Palmeiras &#8211; S\u00e3o Paulo &#8211; Dez\/1991 (Demonstra\u00e7\u00f5es).<br>&#8211; Campe\u00e3o Mundial de Kung Fu (Formas e Combate) F.L.A.K.F. &#8211; BUENOS AIRES -ARG. Nov\/1988.<br>&#8211; Muitos torneios e campeonatos de menor express\u00e3o no per\u00edodo de 1980 \u00e0 2004.<\/p>\n\n\n\n<p><strong>CURSOS SEMIN\u00c1RIOS. CONGRESSOS e OUTROS<\/strong>:<br>&#8211; \u00a0Ministrou v\u00e1rios cursos de <strong>WU JING<\/strong> (DEFESA PESSOA MILITAR) e de seu Sistema Radar (Resist\u00eancia Armada e Desarmada\u00a0Antecipada nas Ruas) \u00e0 v\u00e1rios segmentos da sociedade de forma criteriosa.<br>&#8211; Cursos de extens\u00e3o Universit\u00e1ria em Flexibilidade e Alongamento, Psicologia dos Esportes, Administra\u00e7\u00e3o e Marketing Esportivo, Legisla\u00e7\u00e3o Esportiva, Biomec\u00e2nica Aplicada no Esporte, Fisiologia do Exerc\u00edcio, Educa\u00e7\u00e3o F\u00edsica Gerontol\u00f3gica, Educa\u00e7\u00e3o F\u00edsica Escolar, Motricidade e Jogos na Inf\u00e2ncia. Cinesiologia Aplicada aos Esportes e outros, entre 1996 \u00e0 2006.<br>&#8211; II Curso de Qualifica\u00e7\u00e3o Docente (Artes Marciais) &#8211; UNIFMU (Faculdade de Educa\u00e7\u00e3o-Pedagogia) em Janeiro\/2001.<br>&#8211; III Congresso Internacional de Acupuntura e Medicina Oriental do SATOSP (Sindicato dos Acupunturistas e Terapias Orientais do Estado de S\u00e3o Paulo em Novembro\/2000.<br>&#8211; Aperfei\u00e7oamento em Massagem DO-IN pelo SENAC-SP em Mar\u00e7o\/1999.<br>&#8211; I Congresso de Kung Fu Profissional (Lutas Profissionais), Arbitragem, Estilo B\u00eabado e Chi Kung em Abril\/1998 &#8211; CBKFS.<br>&#8211; Forma\u00e7\u00e3o em T\u00e9cnicas Shaolin com o Monge SHI Y\u00e2n Long (34\u00aa Gera\u00e7\u00e3o do Templo Shaolin) em fevereiro\/1998, deste ao presente ano realizou outros cursos destas t\u00e9cnicas com outros Monges de renome internacional.<br>&#8211; I Congresso Internacional de Acupuntura Medicina Oriental &#8211; Realizado pela Federa\u00e7\u00e3o Nacional dos Profissionais em Acupuntura, Moxabust\u00e3o, DO-IN e Quiro-pr\u00e1tica e Meiji College of Oriental Medicine de San Francisco (U.S.A.) Em Julho\/1996.<br>&#8211; I Semin\u00e1rio Internacional de VING TSUN KUNG FU, realizado pela Federa\u00e7\u00e3o Paulista de Kung Fu &#8211; Wushu com o Gr\u00e3o-Mestre MOY YAT em Agosto\/1990.<br>&#8211; Massagem Terap\u00eautica pela Federa\u00e7\u00e3o Paulista de Kung Fu em Agosto\/1990.<\/p>\n\n\n\n<p><strong>FlLIA\u00c7\u00d5ES:<\/strong><br>&#8211; Registrado na Prefeitura Municipal de S\u00e3o Paulo, Sob CCM n\u00b0 2.768.149.1.<br>&#8211; Profissional de Educa\u00e7\u00e3o F\u00edsica pelo sistema CONFEF (Conselho\u00a0Federal de Educa\u00e7\u00e3o F\u00edsica) sob o n\u00b0 6.011.<br>&#8211; Profissional qualificado em Terapia Hol\u00edstica, Chi Kung, Tai Chi Chuan e Massagem Terap\u00eautica no Conselho Federal de Terapia Hol\u00edstica e Sindicato dos Terapeutas sob CRT 31.978.<br>&#8211; Buddha Hand Wing Chun Federation (U.S.A.).<br>&#8211; Kwoong Sai Jook Lum Praying Mantis (U.S.A.).<br>&#8211; World Black Belt Bureau (U.S.A.}.<br>&#8211; Mestre N\u00edvel Internacional pela Federa\u00e7\u00e3o Mundial de Kung Fu, a World CKA sob n\u00b0 229\/06, com sede em Perugia -It\u00e1lia.<\/p>\n","protected":false},"excerpt":{"rendered":"<p>Adailto Mendes de Paula Shifu Mendes, nasceu em 23\/05\/1965, brasileiro, natural do Rezende &#8211; RJ. FORMA\u00c7\u00c3O:&#8211; Superior Completo (Educador F\u00edsico), registrado no CONFEF (Conselho Federal de Educa\u00e7\u00e3o F\u00edsica), sob n\u00b0 6.011.&#8211; Cinta Preta 7\u00b0 Duen -Mestre S\u00eanior.&#8211; Terapeuta Hol\u00edstico HIST\u00d3RICO:Fundador, &hellip; <a href=\"https:\/\/fatshan.com.br\/?page_id=39\">Continue lendo <span class=\"meta-nav\">&rarr;<\/span><\/a><\/p>\n","protected":false},"author":2,"featured_media":0,"parent":16,"menu_order":3,"comment_status":"closed","ping_status":"closed","template":"","meta":{"_eb_attr":"","footnotes":""},"class_list":["post-39","page","type-page","status-publish","hentry"],"_links":{"self":[{"href":"https:\/\/fatshan.com.br\/index.php?rest_route=\/wp\/v2\/pages\/39","targetHints":{"allow":["GET"]}}],"collection":[{"href":"https:\/\/fatshan.com.br\/index.php?rest_route=\/wp\/v2\/pages"}],"about":[{"href":"https:\/\/fatshan.com.br\/index.php?rest_route=\/wp\/v2\/types\/page"}],"author":[{"embeddable":true,"href":"https:\/\/fatshan.com.br\/index.php?rest_route=\/wp\/v2\/users\/2"}],"replies":[{"embeddable":true,"href":"https:\/\/fatshan.com.br\/index.php?rest_route=%2Fwp%2Fv2%2Fcomments&post=39"}],"version-history":[{"count":12,"href":"https:\/\/fatshan.com.br\/index.php?rest_route=\/wp\/v2\/pages\/39\/revisions"}],"predecessor-version":[{"id":3484,"href":"https:\/\/fatshan.com.br\/index.php?rest_route=\/wp\/v2\/pages\/39\/revisions\/3484"}],"up":[{"embeddable":true,"href":"https:\/\/fatshan.com.br\/index.php?rest_route=\/wp\/v2\/pages\/16"}],"wp:attachment":[{"href":"https:\/\/fatshan.com.br\/index.php?rest_route=%2Fwp%2Fv2%2Fmedia&parent=39"}],"curies":[{"name":"wp","href":"https:\/\/api.w.org\/{rel}","templated":true}]}}